3)) - (10 - 0)?
-4
What is the value of (-10 - (-12 - -4 - (0 - 2))) + 14?
10
What is the value of -8 + -2 + 14 + -8 + 3?
-1
What is the value of -42 + 80 + 11 + -12?
37
Evaluate -109 - -105 - (1 + 14 + -2).
-17
Evaluate (2 + -7 + 2 - 0) + (204 - 206).
-5
What is the value of 4 - (-5 + 6 + -1 + 2 - 3)?
5
What is the value of (26 - 18) + -30 + 1 + 4?
-17
What is -123 + 127 - (2 + 1)?
1
What is (-23 - (23 - 51)) + (-2 - -3 - 5)?
1
What is (8 - 20) + -6 + 11 + (-7 - -2)?
-12
What is the value of 4 + 2 + 85 + -84 + 1 + 1?
9
Calculate 13 - (16 + -15 - -9).
3
(6 - (0 - -1) - 12) + (-2 - -2)
-7
Calculate -18 + (-6 - 12) + 41.
5
What is -1 + -16 + 22 + -3 + -10 + -2?
-10
Calculate -2 + -5 - (-5 - -5 - -2).
-9
(-67 - -63) + 2 + -2 + 29 - 6
19
Evaluate -3 - (-11 - (-13 - -3 - -17)).
15
Evaluate 0 - (1 + 16) - (51 - 60).
-8
Calculate 26 + -24 + 6 + -2.
6
-22 + 9 + 21 + 0 + -10
-2
What is the value of -17 + (13 - 6) + 6?
-4
What is (-3 - (24 - 8)) + (1 - (-9 - -3))?
-12
Calculate -10 + 10 + -5 - (5 - -8 - 7).
-11
Calculate -41 + 40 + -1 + 3 + 14.
15
What is the value of 4 + -3 - (-9 + 2)?
8
What is 5 + 17 + -21 - -4?
5
What is (-9 - -4) + (-2 - -12) + -11 - -22?
16
(-4 - 4) + (8 - -12) + -2
10
What is -5 + 14 + -3 + -3 - 6?
-3
What is the value of 7 + -12 + 20 - 19 - (-4 - -2)?
-2
Evaluate -21 - (-12 - (-8 - -22)).
5
What is -7 + -1 - (6 + 0) - 9?
-23
Evaluate (-13 - (-19 - -2)) + -37 + 0 - -10.
-23
Evaluate 26 + -19 - (5 - -3).
-1
Calculate -5 - (-14 - (-8 + -37) - 9).
-27
10 + (-2 - 1 - -1 - 13)
-5
What is 42 - (87 + -34) - -2?
-9
Evaluate 4 - (4 - (-28 + 9)).
-19
What is the value of 15 - (24 - (-8 + 27))?
10
Evaluate (-7 + -12 - 0 - -4 - -5) + 1.
-9
11 - (-26 + (25 - 0))
12
Calculate (-57 - -46) + (1 - (-4 - -4)) - -4.
-6
Calculate -6 - -1 - (33 + -40 + -5 + -2).
9
What is -11 + (-18 - -6) + 8 + -9?
-24
Evaluate -28 - ((-30 - -42) + -1 + -12).
-27
What is 29 + (14 + 31 - 42)?
32
-4 + 0 - (49 - (46 - (17 - -7)))
-31
Calculate (5 - (-8 + 5)) + -21 - -22.
9
What is the value of 2 + (-1 - (-1 - -11)) + (11 - 12)?
-10
Evaluate 5 + 1 - (22 + (-13 - 8)).
5
6 + (-2 - -1) + -3 + (-7 - -2)
-3
Evaluate 2 - (-6 - (-6 + -12 - -2)).
-8
What is the value of -718 - -703 - (-37 - 0)?
22
Evaluate (-9 - -12 - (15 - 10) - -1) + 17.
16
Calculate 0 + 38 + (510 - 526).
22
What is 8 + 2 + -14 + 9 + 11?
16
What is 22 - (6 - -26 - 17)?
7
Calculate -26 + 0 + (-3 - (28 + -45)).
-12
Evaluate -2 + (-20 - -25) + -13.
-10
Evaluate -23 - (8 + -3) - ((-25 - -14) + 6).
-23
Calculate -6 + (11 + -1 - -7).
11
2 + -21 + 11 + -8 + 2
-14
Calculate (-46 + 9 - -37) + -8 + 1 + -3.
-10
What is -19 + 5 + -1 - -3?
-12
What is 21 + (6 - (-7 - -16) - (-2 - 1))?
21
Calculate 11 + -9 - ((-7 - -6) + 28) - -5.
-20
-6 - (5 + 8 + -6 + 4 + 3)
-20
What is 2 + (10 - (7 - (1 + 0)))?
6
(-2 - -2) + 1 + -225 + 217 + -8
-15
(2 + -4 - (25 + -18 - 11)) + -4
-2
Calculate -123 + 113 + 0 + 7.
-3
Evaluate 99 - 85 - (4 + 1).
9
What is the value of 1 + (-14 - -12) + 1?
0
What is the value of (-4 + 12 - 15) + -3 + 19?
9
Calculate -20 - (-50 - -57 - (3 + -1 + 8)).
-17
Evaluate -1 + 0 - (8 - 17 - 5).
13
What is (-12 - (-2 + 16 + -24)) + -3 + 18?
13
Evaluate 18 - ((3 - (-2 + (4 - 1))) + 0).
16
3 + (8 - 9) + (2 - (2 + -11))
13
Evaluate -18 - ((-80 - -84) + (-10 - 2)).
-10
Calculate 5 + 12 + 14 + -29.
2
What is -17 + 19 + -34 + 2 + 1 + 3?
-26
Evaluate -11 - -2 - (14 + -2 - 10).
-11
What is the value of (24 - 3 - -2) + -28?
-5
What is the value of (109 - 102) + (-11 - 7)?
-11
Calculate -32 + -41 + (7 - -75).
9
What is -9 - (11 + -22 + 4) - -6?
4
Evaluate -7 + (-2 - -4 - -9) + 4 + 2.
10
Calculate (5 - (-2 + 4 - 8 - -8)) + 5.
8
What is the value of -3 + -2 + -13 - (-36 + 33)?
-15
9 + (2 - 2 - (-3 - -8)) - -8
12
What is the value of 4 + (-8 - 6) + 6 - (3 + -16)?
9
Evaluate 0 - (5 - 0) - ((34 - 5) + -35).
1
(13 - 4) + -1 + -13
-5
Calculate (-7 - (7 - 8)) + (-3 - 0).
-9
What is 6 + (0 - -3) + -47 + 47?
9
What is the value of 5 - 18 - (-8 + 4 - -4) - -1?
-12
-30 - -25 - (5 + 0)
-10
What is the value of 4 + -5 - 4 - 2?
-7
Calculate 0 + 20 + -40 + 29.
9
Calculate 18 + -14 + (0 - -9) - (3 - 12).
22
20 - (6 - (10 - (11 - 9)))
22
7 + 27 + -26 + (-31 - 0)
-23
Evaluate -8 + -1 + 18 + 15 + -35.
-11
13 + (-1 - (-6 + 0)) + 3
21
What is (-7 - -17) + -4 + -4?
2
Evaluate -24 + 3 + (1 - 1) + 2 + 4.
-15
Evaluate -16 - (137 + -137 + -1 + 0 + 3).
-18
(-3 - (3 - -17)) + 16
-7
Calculate -4 - (0 + 4 + -8 + 4).
-4
What is -2 + 12 - 5 - (5 - -3)?
-3
(-4 - -16) + (-2 - 4) + 8 + 2
16
Calculate 56 + -22 - (-20 - -24).
30
Evaluate 0 + -13 + 13 + 0 + -25 - -5.
-20
What is the value of 11 - ((70 - 64) + -1 + 1)?
5
Calculate -351 + 389 + (-5 - 1) - 6.
26
What is the value of 7 + (-1 + 2 + -24 - -5)?
-11
Calculate -102 + 103 + -19 + 4.
-14
What is the value of 0 + 24 + -11 - -9?
22
What is the value of 1 - ((50 - 11) + -20 - 24)?
6
(-1 - -2) + -1 - 13 - (2514 - 2512)
-15
Calculate (-41 - (42 + -126)) + -34.
9
Evaluate -69 + 85 + (-2 - -4 - 17).
1
546 + -509 - (18 - -1)
18
(-18 - 2) + (258 - 246)
-8
What is the value of -3 + 26 + -2 - (-10 - -16)?
15
What is (7 - (4 - -12) - -30) + -6 + 9?
24
Calculate (23 - 9 - 20) + (-9 - -2).
-13
What is the value of 17 + (42 - 8) - 45?
6
Evaluate 44 - 10 - (-1 - (2 - 6)).
31
What is the value of -13 + (-8 - (-14 - 4))?
-3
Evaluate -27 - -42 - (4 + 4).
7
Calculate 15 + (-11 - 2) + -15.
-13
What is -7 + (-7 - (28 - (-1 + 18)))?
-25
-12 - (-18 + 8) - 11 - 8
-21
What is the value of 8 - (-8 - -7 - 9 - -17)?
1
What is the value of (-14 - (11 - 7)) + 8 + -2?
-12
What is the value of (-36 - (-26 - -12)) + 28?
6
What is the value of -2 + 0 - (-11 + 7 - 11)?
13
What is the value of -8 - (-1 + (-1 - -1) + (-3 - -21))?
-25
-1 - (-2 + 1) - (8 + (-16 - -6))
2
Evaluate -23 + -7 + 14 + -46 + 75.
13
Calculate -16 - -15 - -10 - -1.
10
-7 + (-3 - (-14 - -8))
-4
Calculate (-8 - 0) + 25 + -24.
-7
What is -28 + 7 + 20 + -3 + -1 + 8?
3
(-8 - -13 - 14) + (-1 - -9)
-1
(-23 + 16 + 22 - 17) + 7
5
What is the value of 15 - 17 - ((2 - -1) + 4 + 4)?
-13
What is the value of -7 - (7 + -5 + -6 + 1 + -1)?
-3
-286 + 284 + (-12 - 2)
-16
14 - 1 - (-33 - -41) - 6
-1
What is the value of (29 - (28 + -9)) + -4?
6
Calculate (1 - (1 - -1)) + -230 + 237 - -4.
10
What is the value of (0 - -2) + -17 + 14 + 1 + -13?
-13
Calculate -1 - (3 - (-19 - -11)).
-12
10 - (8 + -10 + 11)
1
What is -8 + 24 + -7 + -2 + (15 - 12)?
10
Evaluate 3 - ((5 - 15) + 28 + 14).
-29
What is the value of 0 + 17 + 1 - (2 + 2 + -9)?
23
Evaluate 3 + -53 + (-417 - -453).
-14
Evaluate 16 - ((1 - -1 - (-15 + 14)) + 1).
12
What is the value of -8 - -4 - (-1 - -2) - (2 - -6)?
-13
What is the value of -17 + 5 - -35 - 10?
13
Evaluate 1 + 4 - (10 + (-10 - 2) + 4).
3
-10 + 0 + (22 - -1) + -14
-1
What is the value of 3 + -3 + (22 - 17)?
5
Evaluate 4 + 0 + 2 + -4 + (4 - -2).
8
What is -5 - -1 - (-29 + 26 + -14 + 0)?
13
17 - (11 - -21 - 17)
2
Evaluate 2 - (0 + 5 + (16 - 13)).
-6
Evaluate -26 - (-5 + (8 + (-9 - -7) - -5)).
-32
Calculate 22 + -49 + 18 + -6.
-15
What is -17 - 6 - (8 + -33 - -15)?
-13
Calculate (-6 - (2 - 4)) + 24 + (5 - 27).
-2
Calculate -18 + (10 - (4 + -15)).
3
What is -6 + (4 + 1 + 3 + -11 - -7)?
-2
What is -3 - (8 + (-11 - ((-2 - 7) + 4)))?
-5
Calculate -14 - ((6 - 12) + -4).
-4
Calculate -1 + (-10 - (-42 + 20)).
11
What is (-1 - -2) + (16 - 4 - 11) + 2?
4
What is the value of 37 + -20 + (26 - 41)?
2
Calculate (13 + -5 + 6 - 10) + 29 + -2.
31
Evaluate -3119 + 3119 + (-1 - -1 - 6) + 0.
-6
What is -18 - (33 + (-26 - 17))?
-8
What is the value of 16 - (-12 + 5 - -1 - -6)?
16
-15 - ((4 - -2) + -9) - 1 - -4
-9
What is the value of 5 + (-14 - 2 - ((-5 - -18) + -9))?
-15
Evaluate -4 + 1 + (6 - 6) + 19 + -25.
-9
20 + 3 + (12 - 15) + 1 + -3
18
-12 + (-1 - (4 + -20))
3
Evaluate 3 - -28 - (66 + -54).
19
What is the value of -29 - (19 + (-26 - -4))?
-26
Evaluate (-2 + 9 - 0) + -1 + -2.
4
Calculate -33 + -6 - (-12 - (4 - -1)).
-22
Calculate -51 + 21 + (-18 - -23).
-25
Calculate -2 - (12 - (10 - 12 - -13)).
-3
Evaluate -4 + 17 + 0 - (-8 - (8 + -6)).
23
Calculate (0 - (-1 - -3)) + -4 + -11 + 5.
-12
What is the value of -3 - (8 + -3 + -15 + -12)?
19
What is the value of 8 + -20 + -2 + -4 - (7 - 10)?
-15
What is (40 - 30) + (-5 - 8)?
-3
-5 + 17 - 1 - -2
13
(10 - 2) + 9 + (3 - 9 - 5)
6
Evaluate (-16 - (-2